. Suppose -4*g = 2*y - 2 - f, 2*y + 5*g = 24. Calculate the highest common factor of y and 63.
7
Suppose 4*s + q - 97 = 0, -s + 0*s - 3*q = -16. Suppose 95 = 5*l - s. Suppose -k = 1, 5*z + 9 = 6*z - 3*k. Calculate the highest common divisor of z and l.
6
Let y(d) = d**2 + 19. Let f be y(0). Suppose f = j + 1. What is the greatest common divisor of j and 12?
6
Let o(c) = c**2 + 10*c - 11. Let z be o(-9). Let a = z - -45. What is the highest common divisor of a and 10?
5
Suppose -3*i + 0*i - 2*q + 9 = 0, 2*q + 15 = 5*i. Suppose 515 = 4*k - 5*o, i = -3*k - 3*o + 396. Calculate the highest common factor of 52 and k.
26
Suppose 3 = -3*b - 60. Let d = -15 - b. What is the highest common factor of 24 and d?
6
Suppose 4*r - 2*f - 381 = f, 2*f - 10 = 0. Calculate the greatest common factor of 9 and r.
9
Suppose -2*m + 64 = -2*z, m + 2*z - 7 - 31 = 0. What is the highest common divisor of m and 17?
17
Suppose -4*d + 17 = -39. Calculate the highest common factor of d and 98.
14
Let u be (-7)/28*(-1 + -3). What is the highest common divisor of 3 and u?
1
Let s(g) = -g**3 - g**2 - 3*g - 3. Let f be s(-3). Suppose 0 = -h - 3, -5*h = -o - 4*h + f. Calculate the greatest common divisor of o and 3.
3
Let p be (2/(-4))/((-11)/330). What is the highest common factor of p and 45?
15
Suppose v = -0*v + 88. Suppose -h + 14 = 6. Calculate the greatest common factor of h and v.
8
Let h = -318 - -534. Calculate the highest common divisor of h and 24.
24
Let u be (9/6)/(3/28). Calculate the highest common divisor of u and 28.
14
Let q(a) = 2*a - 6. Let p be q(5). Let x be 230/p*48/20. Let u be 2/2 + x + 8. What is the highest common factor of 21 and u?
21
Suppose -5*i = -h + 149 - 671, -3*h + 202 = 2*i. Calculate the greatest common factor of i and 13.
13
Let h(n) = n**2 - n + 3. Suppose -2*g - g = -18. Let i be h(g). Suppose 3*t + 1 = 34. What is the greatest common divisor of t and i?
11
Let m = 11 - 6. Let p(r) = 2*r**3 - 6*r**2 + 4*r + 3. Let a be p(3). What is the greatest common factor of a and m?
5
Suppose -5*b + 168 = 2*b. What is the greatest common divisor of b and 8?
8
Let i be 1*-1*(-2 + -9). Suppose -30 = -2*g + 20. Let f = 36 - g. What is the highest common factor of i and f?
11
Suppose 5*h = -2*r + 98, 5*r + 64 + 6 = 5*h. Suppose -2*z - h = -4*z. Calculate the highest common factor of 18 and z.
9
Let p(n) = n**3 + 7*n**2 - n**2 - 2 + 5*n - 8*n**2. Let j be p(3). What is the highest common divisor of 242 and j?
22
Let q be ((-9)/((-45)/10))/(1/5). Suppose -2*a + 90 = a. Calculate the highest common divisor of q and a.
10
Let k(g) = g**3 - 5*g**2 + 6. Suppose -5 = -i - 1. Suppose -i*c + 25 = c. Let x be k(c). What is the greatest common factor of x and 6?
6
Let t = -138 - -154. Calculate the highest common factor of 104 and t.
8
Suppose 87*g = 82*g + 200. What is the highest common factor of 16 and g?
8
Let v be (-10)/((-4)/(-2) + (-15)/6). What is the highest common factor of v and 30?
10
Suppose -i + 5*r = -47, 2*r = -3*r + 10. Let y = -31 + 69. What is the greatest common factor of y and i?
19
Suppose j = -b + 10, 4*j - 5*b - 43 = -10*b. Calculate the greatest common factor of 91 and j.
7
Suppose -d = 2*q - 14 - 8, -3*q = d - 19. Let v = -2 - -6. What is the highest common divisor of d and v?
4
Let n(q) = -q**2 - 3*q + 56. Let w be n(0). Calculate the greatest common divisor of w and 140.
28
Suppose -2*r - 4 = -4*r. Suppose -r*j + 4*t = t - 221, -111 = -j + t. Calculate the greatest common divisor of j and 14.
14
Let b = -60 + 138. Calculate the highest common factor of b and 52.
26
Let f be 0 + 0 - (1 + 834/(-6)). What is the greatest common divisor of 23 and f?
23
Suppose 2*n + 42 = 5*n. Suppose h - 35 - 25 = -5*k, -5*h - 4*k + 342 = 0. Calculate the greatest common divisor of n and h.
14
Let a be 1491/35 - 9/15. Suppose k = -4*b + 181, 5*b - a = 4*b + 3*k. What is the highest common factor of b and 15?
15
Let w(z) = z**2 + 4*z + 8. Let g(a) = 2*a + 4. Let f be g(-6). Let u be w(f). Let n = 183 + -83. Calculate the greatest common divisor of n and u.
20
Let u = 43 + -27. What is the greatest common factor of 16 and u?
16
Suppose 0*h + 5*c = 2*h - 5, -3*h - 2 = 2*c. Suppose h*b + 2 = b. Let f be 16/(-5)*(-25)/b. Calculate the greatest common factor of f and 10.
10
Let m be ((-24)/7)/((-26)/91). What is the greatest common factor of 12 and m?
12
Let w be (-3)/2 - 11/4*-2. What is the highest common divisor of w and 4?
4
Let j be (6*2/(-14))/((-4)/112). What is the greatest common factor of j and 120?
24
Let u = -40 + 48. Calculate the highest common factor of 56 and u.
8
Suppose 3*q - 354 + 21 = 0. Calculate the greatest common divisor of 37 and q.
37
Suppose -5*m + 50 = -200. Calculate the greatest common divisor of 20 and m.
10
Suppose 0 = 3*z - z + 3*t - 13, -3*z + 5*t = 9. Suppose -1 = -z*f + 3. Let g = 4 + -1. What is the greatest common factor of g and f?
1
Let b = -267 + 307. Let m be 723/12 + (-2)/8. What is the highest common divisor of b and m?
20
Suppose -x + 53 = f, 2*x = 2*f + 2*f + 112. Let u be (-9)/(-36) - (-190)/8. Suppose 7*k - 3*k - u = 0. Calculate the greatest common divisor of k and x.
6
Suppose -37 = -3*c - 16. Let z = 25 - 18. What is the greatest common divisor of z and c?
7
Let c(s) be the first derivative of -s**3/3 + 4*s**2 - 2*s + 2. Let t be c(5). Calculate the greatest common factor of 143 and t.
13
Suppose 4*g - 2*b = b + 7, -4*b = -12. What is the highest common factor of g and 20?
4
Let c be 4/(-1*(-2)/35). What is the highest common divisor of 14 and c?
14
Suppose -4*d - 3*r + 14 = 0, -2*d + 2*r = 5*r - 10. Suppose -3*i - d*i = -140. Let k be ((-2)/(-6))/((-2)/(-42)). What is the highest common divisor of k and i?
7
Let n be 46/253 + (-744)/(-22). Calculate the highest common factor of n and 374.
34
Let t = 16 + -4. What is the highest common divisor of 8 and t?
4
Suppose 0*v + 4 = 2*v. Let x = v - 0. Suppose -57 - 125 = -x*b. What is the greatest common divisor of 13 and b?
13
Let l = -25 - -61. Calculate the highest common factor of l and 4.
4
Suppose y = 3*y - 4. Suppose -y*r + 12 = 2*r. Let b be 6/9*(-135)/(-6). What is the highest common factor of b and r?
3
Let d be ((-1)/3)/(7/(-42)). Suppose 3*g = -d*a + g + 10, 8 = 3*a - 4*g. Calculate the highest common factor of 4 and a.
4
Let j(u) = -17*u + 4. Let o = 0 - 3. Let i be j(o). Suppose -i = -5*n + t, -n + 0*t + 11 = -t. What is the greatest common divisor of 99 and n?
11
Suppose o + b = 5, -5*b - 6 + 4 = -4*o. Let u be 14/8 - o/4. What is the highest common divisor of 9 and u?
1
Let b = -34 - -44. Let m = -35 - -125. Calculate the highest common divisor of b and m.
10
Let r(y) = y**3 + 3*y**2 - 6*y - 2. Let m be r(-4). Let i = 17 - 1. Suppose -4*t = -m*t + i. Calculate the highest common factor of t and 64.
8
Suppose 2*h = 2*v - 10, 4*v + 4 - 17 = -3*h. Let q = 31 - v. What is the highest common divisor of 9 and q?
9
Let v = 43 + -33. Calculate the greatest common divisor of v and 2.
2
Suppose -2*s = -5 + 1. Suppose 5*c - 6*c = -s. What is the highest common factor of 14 and c?
2
Suppose -3*u + 516 = -3*d, 0*d + 510 = 3*u - d. Let y = u + -106. Calculate the greatest common divisor of y and 7.
7
Suppose -19*u + 416 = -439. Let b = 34 - 19. Calculate the highest common divisor of b and u.
15
Let k(y) be the first derivative of y**4/4 - 2*y**3 - 2*y**2 - y + 1. Let w be k(7). Calculate the greatest common divisor of w and 8.
4
Suppose -2*l = -3*w + 44, -46 = w - 3*w - 2*l. What is the greatest common factor of w and 27?
9
Suppose -10*c = -0*c - 290. What is the highest common factor of 145 and c?
29
Let d(v) = 2*v**3 - 6*v**2 + 3*v + 4. Let s be 3/6*6 + 3. Let i be d(s). Let h be (-1)/(-4) - i/(-8). What is the greatest common divisor of h and 6?
6
Let r(j) = -5*j - 11. Let y be r(-7). Suppose 0*u - y = -3*u. What is the highest common factor of u and 56?
8
Let p = 21 + -33. Let b = -6 - p. Let d = 8 - b. What is the highest common factor of d and 18?
2
Let f = -26 - -41. What is the greatest common factor of f and 120?
15
Let p = -3 + 8. Calculate the highest common factor of p and 15.
5
Let u be (1*6)/((-18)/(-480)). What is the highest common factor of 32 and u?
32
Let i(y) = -y**3 - 9*y**2 - 3*y + 11. Let f be i(-9). Suppose 2*h = 6 + f. What is the great